. What are the prime factors of d?
37
Suppose -3*q = 180 - 66. Suppose j - 1 = -5*h - 25, j - 3*h = -16. Let k = j - q. List the prime factors of k.
19
Let h = -689 + 73. Let k = h + 865. Suppose -4*n = -3*b - k, -3*b - 58 = -2*n + 65. List the prime factors of n.
3, 7
Let x(c) = 14*c + 12. Let l(o) = -10*o**2 + o + 1. Let g be l(-1). Let f be x(g). What are the prime factors of (f/(-20))/((-2)/(-5))?
2
Let w(j) = -9*j. Let z be w(-6). Suppose -3*h = 2*c - 3*c + 96, 3*h + 270 = 3*c. Suppose 51*x + c = z*x. List the prime factors of x.
29
Let s(z) = z**2 - 5*z - 1. Let u be s(4). Let m(l) = -3*l**2 - 4*l. Let w(x) = -x**2. Let b(g) = -m(g) + 2*w(g). List the prime factors of b(u).
5
Suppose -5*k = 2*s - 42 - 25, 115 = 5*s - 5*k. What are the prime factors of ((-5)/12 - s/(-39))*404?
101
Let u(t) = 156*t**3 - 2*t - 1. List the prime factors of u(2).
11, 113
Let v = -36 + 47. Suppose -v*a + 228 + 80 = 0. What are the prime factors of a?
2, 7
List the prime factors of -755*(-8)/40*5.
5, 151
Let i(j) = 5*j**3 + 3*j**2 - 2*j - 4. Let w be i(4). Let r = w + -170. What are the prime factors of r?
2, 3, 31
List the prime factors of 24/(-9)*(-3 + (-9 - -3)).
2, 3
Let c(a) = -a**3 - 13*a**2 - 3*a - 19. Let w be c(-13). Suppose 0 = -4*x - w + 48. Suppose m + x = 5*s, 35 = 4*m - 4*s - 17. List the prime factors of m.
2, 3
Suppose 8 = 4*a - 16. Suppose -4*z = -6*z + a. List the prime factors of z.
3
Let q(v) = -125*v**3 - 13*v**2 - 22*v + 11. List the prime factors of q(-3).
5, 23, 29
Let t be -1 - (32/4)/4. Let f = 20 + -1. Let c = t + f. List the prime factors of c.
2
Suppose 5211 = -33*k + 42*k. List the prime factors of k.
3, 193
Suppose -2*g = 4*z - 6, 3 = 5*g - 2*z - 0*z. Suppose q - g - 3 = 0. Suppose k + 5*a = -3*k + 31, q*k - 41 = 5*a. What are the prime factors of k?
3
Let z(t) be the second derivative of -t**5/5 + t**4/6 - t**3/3 - 2*t**2 + 42*t - 2. Suppose -5*h = -0*h + 10. List the prime factors of z(h).
2, 5
What are the prime factors of 388/6*84/56?
97
Let c(n) = -n**3 + 12*n**2 - 11*n - 4. What are the prime factors of c(-6)?
2, 5, 71
Suppose 0 = 5*y - 11 - 99. Let s be y/(-18) + (-16)/(-72). What are the prime factors of 25 + 0 - (2 + s)?
2, 3
Suppose r + 2*x + 3*x - 3 = 0, 0 = -r - 3*x + 3. Suppose -5*c + 54 + 31 = 5*i, r*c = -5*i + 41. What are the prime factors of c?
2, 11
Suppose -2*c - 108 = -3*r + 109, -5*c + 274 = 4*r. List the prime factors of r.
71
Suppose -m + 18 + 2 = 0. Let p = 0 + m. Let s = p - 9. List the prime factors of s.
11
What are the prime factors of (4 - (-521 + 6)) + -2?
11, 47
Let v(p) = 7*p**3. Let r be v(2). Let x = r + 27. List the prime factors of x.
83
Let z = -396 + 396. Let m(y) = 0*y + y**3 - y + 26 + 3. What are the prime factors of m(z)?
29
Let t be -3 - ((-655 - -11) + (3 - 0)). Let h = t + -402. List the prime factors of h.
2, 59
Let b(g) = g**2 + 2*g + 10. Let l be -1*0*4/(-8). Let p be b(l). What are the prime factors of ((-105)/(-6))/(5/p)?
5, 7
Suppose -138*i = -135*i - 891. What are the prime factors of i?
3, 11
Suppose 0*u + 12*u - 2412 = 0. Suppose 29 = -4*m + u. List the prime factors of m.
43
Let c(p) = 176*p**2 + 5*p + 9. Let s be c(-2). Suppose s = 5*q - 157. What are the prime factors of q?
2, 43
Suppose i - s + 38 = 816, 3*i - s - 2344 = 0. List the prime factors of i.
3, 29
Suppose 0 = -2*q + 5*q - 27. Suppose 0*u - q = -3*u. Suppose 0 = -u*d - 0 + 81. List the prime factors of d.
3
What are the prime factors of (112/21 - 2/6) + 2485?
2, 3, 5, 83
Suppose 0 = -m + 6*m - 520. Suppose -4*h + 0 = -8. Suppose 0 = -h*c - p + m, 2*p = 5*c - 2*p - 234. What are the prime factors of c?
2, 5
What are the prime factors of ((-11024)/32)/(-1 + 36/40)?
5, 13, 53
Let m(y) = 8*y - 6. Let x be m(10). Let q = x - -18. What are the prime factors of q?
2, 23
Let l(i) = 3*i**2 + 3*i - 11. Let h(g) = -g**2. Let j(x) = h(x) + l(x). What are the prime factors of j(-5)?
2, 3
Let g = 91 - 90. Let q = g - -43. List the prime factors of q.
2, 11
Suppose -3*x + 11346 = -5*b - 2815, 2*x - 4*b = 9444. List the prime factors of x.
2, 19, 31
Let s(o) = -o**3 + 4*o**2 + 1. Let a be s(2). List the prime factors of 2/(-2) + a - (6 + -5).
7
Suppose 2*t = -4*t + 1278. Suppose 382 = 5*a - t. What are the prime factors of a?
7, 17
Let y be -3 + (-6)/(-2) + 3. Suppose 0 = k + 3*j - 5, 3*j - 11 = -y*k - 2*j. List the prime factors of (8 - 2)/k + 11.
2, 7
Let a = -42 + 33. Let w(y) = -y**2 - 18*y + 3. List the prime factors of w(a).
2, 3, 7
What are the prime factors of (204/60)/17 - (-5444)/5?
3, 11
Let l = -291 + 390. What are the prime factors of l?
3, 11
Let g(p) = 2*p**3 + 3*p**2 + 11*p - 11. List the prime factors of g(5).
3, 41
Suppose 0 = s - 5*s - 4*q + 1624, -4*q + 12 = 0. List the prime factors of s.
13, 31
Suppose 3*o - 14*i + 11*i = 1356, i + 1348 = 3*o. List the prime factors of o.
2, 7
Let s be 4 - ((-2)/(-2) + 6). What are the prime factors of 805/21 + s/9?
2, 19
Let q(i) be the third derivative of -i**4/2 + 2*i**3 + 2*i**2. Suppose 6*j + 33*j + 117 = 0. What are the prime factors of q(j)?
2, 3
Let g = 5 - 0. Suppose -3*z + g*a - 17 = 0, z = -3*z - 4*a + 20. List the prime factors of z/((12/(-44))/(-3)).
11
Let q(o) = 8*o + 536. What are the prime factors of q(11)?
2, 3, 13
Suppose -3*d = -5*x + 5697, 5*d + 230 = -x + 1347. What are the prime factors of x?
3, 379
Let y = -539 - -1177. What are the prime factors of y?
2, 11, 29
Suppose 5*o - 68 = -38. Let n(m) = m**2 - 7*m - 8. Let c(k) = k**2 - 7*k - 7. Let w(j) = 6*c(j) - 7*n(j). What are the prime factors of w(o)?
2, 5
Suppose 27*j - 38*j = -44. Let r be (-2)/(-4) - 5/(-2). Suppose -8 = 2*q, 3*d - j*d + r*q + 27 = 0. What are the prime factors of d?
3, 5
Suppose 9*n - 17310 = 30030. What are the prime factors of n?
2, 5, 263
Let g(v) = -v**3 + 11*v**2 - 10*v + 3. Let p be g(10). Suppose 5*q - p*k - 75 = 412, -2*k - 388 = -4*q. What are the prime factors of q?
5, 19
Let r = -5 - 1. Let j = r - -8. Suppose j*n = 32 + 24. List the prime factors of n.
2, 7
Let r(d) = d**3 - 3*d**2 - 12. Let g be r(5). Suppose 4*b - 18 = g. What are the prime factors of b?
2, 7
Let h(n) = n**3 + 6*n**2 - 8*n + 8. Let p be h(-7). Let t = -1 - p. Let q = t - -24. What are the prime factors of q?
2
Suppose -4*c = -3 - 337. What are the prime factors of c + 2 - -3 - 0?
2, 3, 5
Let b = 14 + -8. Let t be (-596)/(-28) - b/21. Suppose -5*u + 154 = -t. List the prime factors of u.
5, 7
Let s be ((-84)/(-15) - (-3)/(-5))*5. Suppose v - 93 = s. What are the prime factors of v?
2, 59
Let d be (-2 - -1)*(2 + -7). Suppose 6*k + 4*s = k + 108, -d*s = -2*k + 30. What are the prime factors of k?
2, 5
Suppose -3*x + 0*x + 36 = 0. Suppose w + w - 16 = -2*a, 2*a - 5*w = -x. Suppose a*y + 8 = 84. What are the prime factors of y?
19
Suppose -2*u - 1308 = 4*j, -2*j - 2*u - 654 = -3*u. What are the prime factors of 11/22 + j/(-2)?
2, 41
Let t(z) = -7*z**3 - z**2. Let h be t(-1). Let j(g) = -g**3 + 5*g**2 - g + 2. Let i be j(h). Let u = -28 - i. What are the prime factors of u?
2, 3
Let w = 3 + -1. Suppose -3 - 5 = -4*h. Suppose -4*j + w*t + 43 = 13, -4*j - h*t = -42. What are the prime factors of j?
3
Let d(a) = -13*a**3 + 2*a**2 - a. Let w be d(1). Let g = -12 - w. Suppose g = x - 12 + 4. List the prime factors of x.
2
List the prime factors of -10 + (-7)/(70/(-28780)).
2, 3, 239
Let k(x) = x**3 + 17*x**2 - 20*x + 30. List the prime factors of k(-12).
2, 3, 5, 11
Let i(d) = 5*d**3 + 47*d**2 + 11*d. Let l(a) = -3*a**3 - 31*a**2 - 7*a. Let q(f) = -5*i(f) - 8*l(f). List the prime factors of q(13).
13
Let c be 0 + -3 + 3 + -242. Let y = -131 - c. What are the prime factors of y?
3, 37
Let b(h) be the second derivative of h**4/4 - 3*h**3 - 7*h**2/2 + 17*h. What are the prime factors of b(8)?
41
Suppose 5*w - 76 = 54. Let m = 1 + w. Suppose 4*u - m - 45 = 0. List the prime factors of u.
2, 3
Let v = -948 - -1441. List the prime factors of v.
17, 29
Suppose 0*k = -5*k + 100. Let v = k + 95. Let r = v + -81. What are the prime factors of r?
2, 17
Let w = 38 - 39. What are the prime factors of 1 + w + (0 - -237)?
3, 79
Let t(o) = -o. Let v be t(-5). Suppose -5*a + 40 + v = 0. What are the prime factors of 47/3 - (-3)/a?
2
Let u = 155 - 152. Suppose -a - 4 = -3, -u*r = 3*a - 459. What are the prime factors of r?
